inder when 172 is divided by 32?
12
Calculate the remainder when 588 is divided by 85.
78
What is the remainder when 1113 is divided by 132?
57
What is the remainder when 572 is divided by 25?
22
What is the remainder when 159 is divided by 17?
6
Calculate the remainder when 3109 is divided by 38.
31
What is the remainder when 25 is divided by 21?
4
What is the remainder when 6359 is divided by 120?
119
Calculate the remainder when 1140 is divided by 167.
138
Calculate the remainder when 193 is divided by 87.
19
What is the remainder when 190 is divided by 34?
20
What is the remainder when 436 is divided by 185?
66
Calculate the remainder when 437 is divided by 149.
139
Calculate the remainder when 786 is divided by 112.
2
What is the remainder when 176 is divided by 30?
26
Calculate the remainder when 129 is divided by 13.
12
Calculate the remainder when 276 is divided by 48.
36
What is the remainder when 37 is divided by 22?
15
What is the remainder when 788 is divided by 79?
77
What is the remainder when 272 is divided by 22?
8
Calculate the remainder when 5 is divided by 1.
0
Calculate the remainder when 1070 is divided by 21.
20
What is the remainder when 131 is divided by 16?
3
Calculate the remainder when 973 is divided by 20.
13
What is the remainder when 1089 is divided by 52?
49
Calculate the remainder when 375 is divided by 65.
50
Calculate the remainder when 1310 is divided by 547.
216
What is the remainder when 576 is divided by 206?
164
Calculate the remainder when 139 is divided by 36.
31
What is the remainder when 782 is divided by 9?
8
What is the remainder when 53 is divided by 6?
5
What is the remainder when 3762 is divided by 29?
21
Calculate the remainder when 1398 is divided by 8.
6
Calculate the remainder when 101 is divided by 49.
3
What is the remainder when 26 is divided by 8?
2
What is the remainder when 570 is divided by 21?
3
Calculate the remainder when 56 is divided by 23.
10
What is the remainder when 1843 is divided by 301?
37
Calculate the remainder when 3377 is divided by 36.
29
Calculate the remainder when 741 is divided by 71.
31
What is the remainder when 879 is divided by 26?
21
Calculate the remainder when 11801 is divided by 52.
49
What is the remainder when 543 is divided by 34?
33
Calculate the remainder when 1747 is divided by 50.
47
Calculate the remainder when 428 is divided by 8.
4
Calculate the remainder when 42 is divided by 6.
0
Calculate the remainder when 329 is divided by 126.
77
Calculate the remainder when 426 is divided by 27.
21
What is the remainder when 55 is divided by 11?
0
What is the remainder when 53 is divided by 29?
24
Calculate the remainder when 9406 is divided by 671.
12
Calculate the remainder when 84 is divided by 24.
12
What is the remainder when 475 is divided by 53?
51
Calculate the remainder when 62 is divided by 13.
10
Calculate the remainder when 5392 is divided by 174.
172
Calculate the remainder when 782 is divided by 257.
11
Calculate the remainder when 82 is divided by 7.
5
What is the remainder when 1427 is divided by 6?
5
Calculate the remainder when 1203 is divided by 10.
3
Calculate the remainder when 329 is divided by 111.
107
What is the remainder when 582 is divided by 56?
22
Calculate the remainder when 11412 is divided by 15.
12
What is the remainder when 542 is divided by 26?
22
What is the remainder when 148 is divided by 20?
8
What is the remainder when 404 is divided by 41?
35
What is the remainder when 525 is divided by 249?
27
Calculate the remainder when 34 is divided by 16.
2
Calculate the remainder when 399 is divided by 38.
19
Calculate the remainder when 98 is divided by 34.
30
Calculate the remainder when 833 is divided by 207.
5
What is the remainder when 1292 is divided by 257?
7
What is the remainder when 1433 is divided by 144?
137
What is the remainder when 1047 is divided by 97?
77
What is the remainder when 3920 is divided by 43?
7
What is the remainder when 1217 is divided by 25?
17
Calculate the remainder when 284 is divided by 29.
23
What is the remainder when 60 is divided by 6?
0
What is the remainder when 81 is divided by 11?
4
What is the remainder when 207 is divided by 140?
67
What is the remainder when 1110 is divided by 59?
48
What is the remainder when 777 is divided by 275?
227
What is the remainder when 390 is divided by 129?
3
Calculate the remainder when 322 is divided by 68.
50
What is the remainder when 95 is divided by 87?
8
Calculate the remainder when 755 is divided by 132.
95
Calculate the remainder when 98 is divided by 6.
2
Calculate the remainder when 113 is divided by 19.
18
What is the remainder when 50 is divided by 31?
19
Calculate the remainder when 15478 is divided by 43.
41
What is the remainder when 60 is divided by 6?
0
Calculate the remainder when 2497 is divided by 355.
12
What is the remainder when 5455 is divided by 130?
125
Calculate the remainder when 555 is divided by 127.
47
Calculate the remainder when 95 is divided by 21.
11
Calculate the remainder when 748 is divided by 15.
13
Calculate the remainder when 479 is divided by 60.
59
Calculate the remainder when 116 is divided by 60.
56
Calculate the remainder when 479 is divided by 60.
59
Calculate the remainder when 12004 is divided by 46.
44
What is the remainder when 2058 is divided by 9?
6
What is the remainder when 82 is divided by 67?
15
What is the remainder when 448 is divided by 96?
64
What is the remainder when 302 is divided by 105?
92
What is the remainder when 1186 is divided by 9?
7
What is the remainder when 2262 is divided by 451?
7
Calculate the remainder when 290 is divided by 5.
0
Calculate the remainder when 6642 is divided by 9.
0
Calculate the remainder when 1581 is divided by 20.
1
Calculate the remainder when 119 is divided by 12.
11
What is the remainder when 5451 is divided by 27?
24
Calculate the remainder when 351 is divided by 45.
36
Calculate the remainder when 1232 is divided by 306.
8
Calculate the remainder when 43 is divided by 6.
1
What is the remainder when 1369 is divided by 198?
181
Calculate the remainder when 470 is divided by 80.
70
What is the remainder when 97 is divided by 41?
15
Calculate the remainder when 1186 is divided by 54.
52
Calculate the remainder when 158 is divided by 42.
32
What is the remainder when 861 is divided by 72?
69
Calculate the remainder when 1013 is divided by 26.
25
Calculate the remainder when 675 is divided by 31.
24
What is the remainder when 6139 is divided by 74?
71
What is the remainder when 481 is divided by 18?
13
Calculate the remainder when 221 is divided by 3.
2
Calculate the remainder when 154 is divided by 53.
48
What is the remainder when 230 is divided by 80?
70
Calculate the remainder when 100 is divided by 15.
10
What is the remainder when 849 is divided by 14?
9
What is the remainder when 644 is divided by 193?
65
Calculate the remainder when 462 is divided by 52.
46
What is the remainder when 1372 is divided by 60?
52
What is the remainder when 189 is divided by 6?
3
What is the remainder when 269 is divided by 121?
27
What is the remainder when 680 is divided by 12?
8
Calculate the remainder when 8328 is divided by 34.
32
What is the remainder when 7895 is divided by 56?
55
What is the remainder when 102 is divided by 35?
32
Calculate the remainder when 547 is divided by 212.
123
What is the remainder when 262 is divided by 27?
19
Calculate the remainder when 999 is divided by 485.
29
Calculate the remainder when 1221 is divided by 245.
241
What is the remainder when 318 is divided by 36?
30
Calculate the remainder when 707 is divided by 22.
3
Calculate the remainder when 4221 is divided by 70.
21
Calculate the remainder when 71 is divided by 6.
5
Calculate the remainder when 143 is divided by 67.
9
What is the remainder when 284 is divided by 19?
18
Calculate the remainder when 277 is divided by 3.
1
Calculate the remainder when 3740 is divided by 16.
12
What is the remainder when 27 is divided by 9?
0
What is the remainder when 743 is divided by 36?
23
What is the remainder when 14047 is divided by 223?
221
What is the remainder when 122 is divided by 28?
10
What is the remainder when 945 is divided by 56?
49
What is the remainder when 465 is divided